f 15 and z.
15
Suppose -123*z + 124*z - 224 = 0. Calculate the highest common factor of z and 28.
28
Suppose -28 = -2*b - 0. What is the greatest common factor of b and 35?
7
Suppose 0 = 4*u, 3*f = u + u + 42. What is the highest common factor of 14 and f?
14
Let m(s) = 18*s. Let z be m(1). What is the highest common divisor of 9 and z?
9
Suppose -7*v + 4*p + 592 = -3*v, -4*v + p + 580 = 0. Calculate the greatest common factor of 18 and v.
18
Let s be (-2)/(-5) + (-18)/(-5). Calculate the greatest common factor of s and 12.
4
Let n = 16 - -23. What is the highest common divisor of 26 and n?
13
Let f(u) = -u**2 - 15*u + 1. Let o be f(-14). Let c = -13 + o. Calculate the highest common divisor of c and 8.
2
Suppose 4*c - 138 = -2*h + 2*c, -4*h + c + 256 = 0. Calculate the greatest common factor of 13 and h.
13
Suppose 3*h - 3*k - 5 = 2*k, 5*h + 4*k = 70. Let l = 1 + h. What is the greatest common factor of 88 and l?
11
Let h be 15/7 + 2/(-14). Suppose -3*i + 22 = 7, h*i = -v + 31. Calculate the highest common factor of 105 and v.
21
Let i be 12358/259 - (9/(-7) + 1). Let q = -7 - -13. What is the greatest common divisor of i and q?
6
Suppose 7*p - 6*p = 17. What is the highest common factor of p and 136?
17
Suppose 3*a + 12 = 0, 2*u = -2*u + 5*a + 80. What is the greatest common divisor of u and 3?
3
Let r = -22 - -50. Calculate the greatest common divisor of r and 42.
14
Let b(y) = -2 + 2 + 29*y**2 - y. Let q = 19 - 20. Let v be b(q). Calculate the highest common divisor of v and 20.
10
Let t(c) = c**2 + c + 3. Let s be t(-3). Let k be ((0 + -24)/4)/(1/(-12)). What is the highest common factor of k and s?
9
Let q be (2 - 6)/((-70)/22 + 3). Calculate the greatest common divisor of 286 and q.
22
Suppose -n = -4*n + 39. Let k(l) = -2*l**3 + 29*l**2 + 19*l - 34. Let o be k(15). What is the highest common factor of o and n?
13
Let n = -3 + 3. Suppose n*u = -u - x + 9, -3*x = -4*u + 50. What is the greatest common divisor of 77 and u?
11
Let i(p) = 4*p**2 - 2*p - 2. Let x(n) = -2*n**2 - n + 1. Let z be x(1). Let m be i(z). What is the greatest common divisor of 12 and m?
6
Let x = -71 - -150. Suppose -41 = -3*t - 4*f, -4*f - x = -0*t - 5*t. Suppose -4*g - 140 = -5*q, -3*g + 0 = t. What is the highest common factor of q and 6?
6
Suppose 0 = -3*g + 2*c - 1 + 27, -10 = -g + c. Let z(j) = j**2 + 5*j + 2. Let b be z(-5). Suppose 6 + 0 = b*t. Calculate the greatest common factor of t and g.
3
Suppose 73 = 5*o + n, 2*o + 0*n - 3*n - 36 = 0. Calculate the greatest common factor of o and 45.
15
Let o = 1 + 1. Let m(l) = 24*l**2 - l + 2. Let n be m(o). Let a = 42 + -30. Calculate the highest common factor of n and a.
12
Let v be (-30)/(22/(-8) + 2). Calculate the greatest common factor of 60 and v.
20
Let g be (-24)/(-2) + (-7 - -3). What is the highest common divisor of 12 and g?
4
Let m be 1 + 0 + 1 + -2. Suppose 35 = -5*a - c, m*c + 11 = -a - c. Let r be (0 - -7)/(a/(-12)). Calculate the highest common divisor of r and 42.
14
Suppose -5*v - 14 = -3*v. Let q be 2/v - (-2396)/7. Let k be q/(-3)*6/(-4). Calculate the highest common factor of 19 and k.
19
Let b = 47 - 16. Let v = 43 - b. What is the highest common factor of 3 and v?
3
Let w = -53 - -61. What is the greatest common factor of w and 10?
2
Suppose 0 = -4*d + p - 155, 5*d - 3*p + 196 = -p. Let o = -20 - d. Calculate the highest common factor of o and 162.
18
Let c be (-1 - 3)*(-1)/(-2). Let a be (7 - -17)/((-3)/c). Let z = 27 + -19. Calculate the highest common divisor of a and z.
8
Suppose 7 + 3 = b + 2*h, -5*h = -2*b + 11. Let r be (3 + 1)/(3/6). Calculate the greatest common divisor of r and b.
8
Let l be 2 + -1 + 36 + -32. What is the greatest common divisor of 15 and l?
5
Suppose 4*m + m = 170. Calculate the greatest common divisor of m and 17.
17
Let t = -9 + 8. Let h be 11 + t*(-8)/(-4). What is the greatest common divisor of h and 9?
9
Let b = -193 + 305. Suppose 21 = 4*f - 35. Calculate the greatest common divisor of f and b.
14
Let n be (-1)/(3/30*-2). Suppose n*y - 9 = 11. Suppose 0 = 5*a - 4*x - 23, -5*a - y*x = -0*a - 47. What is the greatest common factor of 28 and a?
7
Let c(i) = 33*i**2 - 2*i - 1. Let j(p) = 65*p**2 - 3*p - 2. Let t(x) = -5*c(x) + 3*j(x). Let q be t(1). What is the highest common factor of 75 and q?
15
Let v(d) = -d**3 + 2*d - 1. Let y be v(1). Suppose n - 5*f + 12 + 12 = y, 3*n = -4*f + 23. Calculate the greatest common factor of 5 and n.
1
Suppose 0 = 4*m - 4*a - 28, -4*a - 4 = -m - 0*a. Let n = m - 4. Suppose -4*w + 12 = -n. What is the highest common divisor of w and 8?
4
Let c(b) = -48*b + 1. Let t be c(-1). Calculate the highest common factor of 7 and t.
7
Let p(g) = -g**2 - 3*g + 4. Let b be p(-3). What is the highest common divisor of b and 20?
4
Suppose 0 = y + 3*k - 5, 2*y + 14 = 3*k + 33. Let r be 2910/33 - 4/22. What is the greatest common divisor of r and y?
8
Suppose -4*k + 10 = -2*k. Suppose k*b - 21 - 39 = 0. What is the greatest common factor of b and 30?
6
Let q = 8 + -11. Let p = 13 + q. Suppose -2*t = 2*u - 4*u + 46, -u + 4*t + 17 = 0. What is the greatest common divisor of p and u?
5
Suppose 0 = 5*p + n - 4*n - 69, -3*p + 4*n = -37. Let i be -4*p/(-6) + -1. Calculate the highest common factor of 45 and i.
9
Let j = 164 - 109. Calculate the highest common factor of j and 22.
11
Suppose -15 = 10*c - 9*c. Let p be (-3 - 0)/(c/20). What is the greatest common divisor of 4 and p?
4
Let j(l) = 5*l. Let y be 8/2 - (-1 + 2). Let g be j(y). What is the greatest common divisor of g and 30?
15
Let j = -3 - -3. Suppose 4*z - 2*d + d - 38 = j, z - 2*d = 13. What is the highest common factor of z and 36?
9
Let v(x) = x**2 - 10*x + 5. Let z be v(10). Calculate the greatest common factor of 5 and z.
5
Suppose 2*l = 2*d + 116, 2*l - d - 166 = -l. Calculate the greatest common factor of 18 and l.
18
Let d(c) = 3*c + 2. Let h = 3 + 4. Let m be d(h). Calculate the highest common factor of 138 and m.
23
Suppose 0 = -63*a + 66*a - 6. Calculate the greatest common divisor of a and 9.
1
Suppose 0 = -20*b + 436 + 284. Let o = 23 + -5. Calculate the highest common divisor of o and b.
18
Let n be 12*1 - (-39)/13. Calculate the highest common divisor of 25 and n.
5
Let f be (-78)/(-21) + 4/14. Let h(y) = -y**3 + 6*y**2 - 2*y + 3. Let l be h(f). Suppose 13*z - 18 = 21. What is the greatest common factor of z and l?
3
Suppose 34 + 1 = 2*k - 5*a, -k + 30 = -5*a. Suppose -k*m + 0*r - r = -176, 2*m - 5*r = 65. What is the greatest common factor of 14 and m?
7
Suppose -9 = -a + 37. Suppose -4*v + 2*v + a = 0. Suppose -n + r + v = 7, -34 = -2*n + 3*r. Calculate the greatest common factor of n and 98.
14
Let w be 28/20 + (-2)/5. Let g be (0 - 1) + 6/w. Suppose 2*n + 0*c - 10 = g*c, 2*c - 5 = -n. What is the greatest common factor of 5 and n?
5
Let l = -107 - -128. What is the greatest common divisor of l and 147?
21
Let c be 250/60 - (-1)/(-6). Suppose -56 = -3*j - 5*n + n, c*j - 5*n = 23. What is the greatest common factor of j and 96?
12
Suppose 2*z - 39 = -c + 14, z = -c + 29. Calculate the greatest common divisor of z and 48.
24
Let g be -1*(-3)/(6/4). Suppose f + 28 = g*f. What is the highest common divisor of f and 70?
14
Suppose 0 = j + 1, r + 41 = j - 5*j. Let g be 1 + -5 + 2 - r. What is the greatest common factor of 5 and g?
5
Suppose 48 = 3*c - 4*p, 0 = -5*c + 2*p - 0*p + 66. Let n be c/5 - (-4)/(-10). What is the highest common factor of n and 2?
2
Suppose -4*b + b + i = -19, -b - 2*i + 11 = 0. What is the highest common divisor of 7 and b?
7
Suppose 0 = -2*t + t + 19. Calculate the highest common factor of t and 76.
19
Suppose -17 = -5*a + f - 3, 3*a + 4*f + 10 = 0. Suppose 0 = -3*j + a*j + 220. Let t be j/18 - 2/9. Calculate the greatest common divisor of t and 18.
6
Suppose 11 = 5*z - 79. Suppose 0 = 3*u - 5*u + 252. Calculate the highest common factor of u and z.
18
Let n = 54 - 30. Suppose -3*x + 10*x - 672 = 0. Calculate the greatest common factor of n and x.
24
Suppose 4*s + 0*s = 8. Let h be -1 + 8/s + -2. Let l be (-5)/h*-2*11. Calculate the greatest common divisor of 10 and l.
10
Suppose 0 = -2*l - l + 42. Let i be ((-26)/65)/((-1)/175). What is the highest common divisor of l and i?
14
Let p = 40 - 35. Calculate the highest common divisor of 5 and p.
5
L